ist the prime factors of 265722490.
2, 5, 11, 47, 103, 499
List the prime factors of 40432300.
2, 5, 404323
What are the prime factors of 131806566?
2, 3, 29, 8707
List the prime factors of 17395730.
2, 5, 11, 158143
What are the prime factors of 76321560?
2, 3, 5, 7, 43, 2113
List the prime factors of 7604056067.
7604056067
List the prime factors of 1919168822.
2, 8537, 112403
What are the prime factors of 2082881382?
2, 3, 31, 359, 31193
What are the prime factors of 2245321974?
2, 3, 7, 53460047
What are the prime factors of 12086352?
2, 3, 83933
List the prime factors of 91042662.
2, 3, 107, 141811
List the prime factors of 1123633010.
2, 5, 89, 1262509
List the prime factors of 32319470.
2, 5, 3231947
What are the prime factors of 869248131?
3, 17, 23, 43591
What are the prime factors of 3000118245?
3, 5, 200007883
List the prime factors of 775109745.
3, 5, 17224661
List the prime factors of 591221128.
2, 73902641
What are the prime factors of 69721144?
2, 8715143
List the prime factors of 3406805331.
3, 227, 5002651
List the prime factors of 81160046.
2, 11, 31, 59, 2017
What are the prime factors of 2394981920?
2, 5, 19, 787823
List the prime factors of 661396628.
2, 17, 2927, 3323
What are the prime factors of 5209929?
3, 578881
List the prime factors of 3158812233.
3, 350979137
What are the prime factors of 127948881?
3, 42649627
List the prime factors of 17489569.
17489569
List the prime factors of 263685045.
3, 5, 13, 17, 4679
List the prime factors of 382417464.
2, 3, 11, 13, 111427
List the prime factors of 1361713269.
3, 7, 379, 171091
List the prime factors of 396568919.
43, 1753, 5261
What are the prime factors of 235951885?
5, 13, 103, 2711
List the prime factors of 154878390.
2, 3, 5, 61, 28211
List the prime factors of 1511777377.
11, 17, 8084371
What are the prime factors of 3850798?
2, 7, 23, 11959
List the prime factors of 1013977737.
3, 379, 99089
What are the prime factors of 1457459394?
2, 3, 7283, 33353
List the prime factors of 8204331.
3, 101, 27077
What are the prime factors of 1922543?
7, 269, 1021
What are the prime factors of 1875558625?
5, 491, 30559
What are the prime factors of 473143936?
2, 41, 89, 1013
What are the prime factors of 110244513?
3, 2579, 14249
List the prime factors of 608477135.
5, 7, 61, 103, 2767
What are the prime factors of 155593110?
2, 3, 5, 317, 16361
List the prime factors of 1297672195.
5, 1993, 130223
What are the prime factors of 49642195?
5, 577, 17207
What are the prime factors of 1303562528?
2, 29, 41, 34261
List the prime factors of 1173506187.
3, 7, 55881247
What are the prime factors of 316110487?
7, 11, 97, 42323
List the prime factors of 859100688.
2, 3, 1988659
What are the prime factors of 15048983?
15048983
What are the prime factors of 47973227?
47973227
List the prime factors of 2888508245.
5, 7, 23, 3588209
List the prime factors of 93993005.
5, 1231, 15271
List the prime factors of 99306549.
3, 11034061
List the prime factors of 102114554.
2, 6869, 7433
List the prime factors of 745218994.
2, 13, 28662269
What are the prime factors of 7236462431?
11, 53, 12412457
List the prime factors of 28923304.
2, 3615413
What are the prime factors of 271474142?
2, 151, 898921
List the prime factors of 2353980.
2, 3, 5, 39233
What are the prime factors of 18910344?
2, 3, 97, 8123
List the prime factors of 2479222.
2, 37, 33503
List the prime factors of 23557745.
5, 101, 46649
What are the prime factors of 222544208?
2, 101, 137713
List the prime factors of 45122770.
2, 5, 7, 11, 58601
What are the prime factors of 39476423?
7, 31, 181919
What are the prime factors of 2050308989?
101, 20300089
What are the prime factors of 172928531?
1223, 141397
What are the prime factors of 73005950?
2, 5, 127, 11497
What are the prime factors of 2054374324?
2, 47, 10927523
List the prime factors of 94528706.
2, 43, 1099171
What are the prime factors of 366514148?
2, 7, 11, 13, 239, 383
List the prime factors of 586433131.
383, 1531157
What are the prime factors of 245462913?
3, 9091219
List the prime factors of 183619226.
2, 7, 79, 166021
What are the prime factors of 46162375?
5, 7, 52757
List the prime factors of 53039088.
2, 3, 368327
List the prime factors of 204484719.
3, 68161573
What are the prime factors of 4232919058?
2, 347, 6099307
List the prime factors of 653968967.
73, 8958479
What are the prime factors of 4796790730?
2, 5, 19, 79, 313, 1021
List the prime factors of 401453098.
2, 2833, 70853
List the prime factors of 84150539.
11, 47, 14797
List the prime factors of 20458752.
2, 3, 17, 1567
List the prime factors of 5315629762.
2, 29, 389, 235601
What are the prime factors of 181082655?
3, 5, 13, 7937
What are the prime factors of 4080153219?
3, 53, 25661341
List the prime factors of 4253203.
4253203
List the prime factors of 313029111.
3, 104343037
What are the prime factors of 19757380?
2, 5, 987869
List the prime factors of 5991927753.
3, 7, 285329893
What are the prime factors of 52631672?
2, 19, 346261
What are the prime factors of 36780484?
2, 13, 54409
List the prime factors of 6724175967.
3, 263, 2840801
List the prime factors of 1510541014.
2, 7717, 97871
What are the prime factors of 56404456?
2, 7050557
What are the prime factors of 39490079?
401, 98479
List the prime factors of 3032481.
3, 23, 71, 619
What are the prime factors of 2900784867?
3, 37, 73, 357989
What are the prime factors of 128795371?
89, 1447139
List the prime factors of 407205052.
2, 229, 444547
List the prime factors of 236121278.
2, 503, 234713
What are the prime factors of 695598087?
3, 41, 67, 84407
What are the prime factors of 4626704482?
2, 23071, 100271
What are the prime factors of 1050226005?
3, 5, 53, 67, 19717
What are the prime factors of 244048357?
7, 277, 125863
List the prime factors of 492094238.
2, 1031, 238649
List the prime factors of 109359031.
61, 1792771
What are the prime factors of 744865128?
2, 3, 7, 1477907
List the prime factors of 1641251501.
1641251501
What are the prime factors of 300751523?
41, 7335403
List the prime factors of 85203077.
85203077
List the prime factors of 122023144.
2, 17, 897229
List the prime factors of 169068120.
2, 3, 5, 13, 108377
What are the prime factors of 4067309957?
31, 491, 267217
What are the prime factors of 77777904?
2, 3, 23, 70451
What are the prime factors of 211702081?
409, 517609
List the prime factors of 2047420167.
3, 13, 167, 314359
List the prime factors of 95876738.
2, 31, 1546399
List the prime factors of 31146519.
3, 229, 45337
List the prime factors of 26140986.
2, 3, 1452277
What are the prime factors of 29872188?
2, 3, 61, 223
What are the prime factors of 476460823?
14747, 32309
What are the prime factors of 48331961?
1487, 32503
List the prime factors of 83441982.
2, 3, 13, 163, 6563
List the prime factors of 40052833.
17, 37, 1721
What are the prime factors of 395633051?
11, 23, 29, 53923
What are the prime factors of 3033306224?
2, 13, 19, 767537
List the prime factors of 934031457.
3, 31, 79, 1367
List the prime factors of 324809951.
324809951
What are the prime factors of 38777754?
2, 3, 1667, 3877
List the prime factors of 5958384805.
5, 29, 41092309
What are the prime factors of 3776126088?
2, 3, 7, 17, 1322173
What are the prime factors of 3451450964?
2, 13, 66374057
What are the prime factors of 24491192?
2, 11, 211, 1319
List the prime factors of 261049758.
2, 3, 43508293
List the prime factors of 140238586.
2, 7237, 9689
List the prime factors of 37467359.
61, 614219
What are the prime factors of 329039460?
2, 3, 5, 59, 30983
What are the prime factors of 105267895?
5, 23, 79, 11587
What are the prime factors of 508336603?
508336603
What are the prime factors of 80687398?
2, 11, 333419
What are the prime factors of 258579116?
2, 64644779
What are the prime factors of 1023308133?
3, 341102711
What are the prime factors of 319372117?
53, 6025889
What are the prime factors of 1225152728?
2, 6271, 24421
List the prime factors of 870299078.
2, 11, 61, 648509
List the prime factors of 623991701.
623991701
What are the prime factors of 759323098?
2, 379661549
List the prime factors of 266781782.
2, 17, 7846523
List the prime factors of 1021562473.
127, 63337
What are the prime factors of 9744135?
3, 5, 37, 97, 18